/(25*22/6875)?
73
Let c = 11221 - 11068. What is the remainder when 641 is divided by c?
29
Let i = 101 - 56. Let u = 40 + -12. Calculate the remainder when i/24*44 + 1/(-2) is divided by u.
26
Let t be 7/(33 + -5) + (-19)/(-4). Suppose 2*b + t*f - 34 = -9, 0 = -f + 3. Calculate the remainder when b is divided by 5.
0
Suppose -4*i - 5*b + 92 = 0, 0 = 10*i - 9*i - b - 14. What is the remainder when 202 is divided by -1 - (-22)/i - 3473/(-207)?
15
Let h = 3 - 7. Calculate the remainder when 5/(20/h) - -96*1 is divided by 25.
20
Let v be -31 - 2*1/(-2). Let x = 38 + v. Suppose -4*b = -h - 176, 9*b = 6*b - 2*h + 143. What is the remainder when b is divided by x?
5
Suppose 7*x + 2756 + 219 = 0. Calculate the remainder when 23 is divided by (-16)/2 + x/(-17).
6
Suppose 0 = -7*g - 318 - 158. Let d = 141 + g. Calculate the remainder when d is divided by 5.
3
What is the remainder when 502 is divided by (10 - (-12248)/56) + (-4)/(-14)?
44
Let a(p) = -234*p + 1579. Calculate the remainder when 1045 is divided by a(6).
170
Let x(a) = -112*a - 1861. What is the remainder when 170 is divided by x(-18)?
15
Suppose 3897 + 2174 = 13*w. Calculate the remainder when w is divided by 70.
47
Suppose -6*n + g + 8 = -3*n, 0 = -2*n + 3*g + 10. Suppose -5*u + 358 = -n*i - 0*i, -4*i - 356 = -5*u. What is the remainder when u is divided by 15?
12
Suppose 3*z = 4*z. Suppose 12*b - 16*b + 340 = z. Suppose -4*f - f = -b. Calculate the remainder when f is divided by 7.
3
Let f be (-3)/(-2 + (-4)/(-8)). Let i be 3*f/(-4)*4. Calculate the remainder when 38 + i/4*4/3 is divided by 19.
17
Let a(f) = 6*f - 2. Let c be a(1). Let m = c - -8. Calculate the remainder when 41 is divided by m.
5
Let p = -146 + 168. Let v be 4/(-10) + 0 + 96/(-160). Let s(z) = -130*z. What is the remainder when s(v) is divided by p?
20
Suppose 0 = r - 1, 4*z - r - 301 = -2*r. Let w = 347 + -269. Suppose -75*f = -69*f - w. Calculate the remainder when z is divided by f.
10
Suppose 5*c + b = 4404, 4*c - 4589 = -4*b - 1053. Suppose -c*p = -866*p - 3920. Calculate the remainder when p is divided by 26.
20
Suppose 25 + 111 = 8*x. Calculate the remainder when (-623)/(-5) + (-21)/(-9)*(-66)/(-385) is divided by x.
6
Suppose 4*v + 911*n = 910*n + 753, -v + 5*n + 162 = 0. Calculate the remainder when 2425 is divided by v.
181
Let r(g) be the third derivative of 29*g**4/12 - 139*g**3/6 - 5*g**2 + 10. What is the remainder when r(14) is divided by 13?
10
Suppose 389 = -7*m + 674 + 674. Calculate the remainder when 3560 is divided by m.
135
Let b(v) = -v**3 - 4*v**2 - v + 4. Suppose 20 = -2*k - 3*k. Let p be b(k). Suppose -7*d = -p*d + 93. Calculate the remainder when d is divided by 47.
46
Let j be (-1 - 17)/(-6) + 0/1. Let m(s) = 4 + 4*s + 6*s**2 + 5*s - 3*s**j - s + 2*s**3. What is the remainder when 41 is divided by m(7)?
8
Suppose -2 = 5*r - 7*r. Let d be r + -3 + 1 + 3. Suppose -d*k = -7*k + 205. What is the remainder when k is divided by 14?
13
Suppose 128 = 2*w + 3*c, 6*c = w + 2*c - 86. Let y(l) = -l + 11. Let b be 6/14 + 156/(-21). What is the remainder when w is divided by y(b)?
16
Suppose 2*s = 3*a + 115, -118*s + a = -114*s - 215. What is the remainder when 1208 is divided by s?
42
Suppose -2*w - 4*d - 66 = -5*w, 4*w - d - 88 = 0. What is the remainder when 42 is divided by w?
20
Suppose -139*a + 90105 = -154905 - 97347. What is the remainder when a is divided by 145?
143
Suppose -5*d = 3*q - 315, 6*q - 18*q = -4*d + 324. Let i = 250 + -156. Suppose -18 = 4*f - i. Calculate the remainder when d is divided by f.
9
Let x(w) = 7*w**2 + 99*w + 465. Calculate the remainder when 6321 is divided by x(-7).
111
Let g(z) = -85*z - 1854. What is the remainder when 13870 is divided by g(-22)?
14
Suppose 41852 = -189*i + 231608. Calculate the remainder when i is divided by 27.
5
Let q(y) = 3*y**2 + 225*y + 1299. Calculate the remainder when q(-6) is divided by 45.
12
Let s be (-17)/(-5) - (-11 - (-513)/45). Calculate the remainder when 20 is divided by -6*((-9)/6)/s.
2
Suppose 5*d + 21*o - 274 = 19*o, -3*d - 5*o = -172. Calculate the remainder when 8909 is divided by d.
53
Suppose -4*a = -5*w + 1737, -6*w + 10*w - 1402 = -3*a. Calculate the remainder when w is divided by 16.
13
Let f = 47013 + -47006. What is the remainder when 196/6 + (-6)/9 is divided by f?
4
Suppose 11*b = -76 - 56. Calculate the remainder when 293 is divided by ((-222)/(-9))/(2/b*-4).
34
Suppose 10*v - 22*v + 576 = 0. Suppose 5*n - v = 227. What is the remainder when n is divided by 16?
7
Let i = -5563 + 5628. Calculate the remainder when 1814 is divided by i.
59
Suppose 9*v - 3300 = -1059. Let t(d) = 4*d**2 + 3. Let a be t(6). Let w = v - a. Calculate the remainder when w is divided by 21.
18
Suppose 0*h - 4 = 4*b - h, -2*b - 4*h + 16 = 0. Suppose b = 4*q + 4 - 88. Calculate the remainder when 37 is divided by q.
16
Suppose -9*c + 9 - 27 = 0. What is the remainder when (-27)/(-15) + c - 1582/(-10) is divided by 50?
8
Suppose -8119 - 89 = -27*w. Suppose 5*x + 3*j = w, -7*j = 4*x - 5*j - 242. Calculate the remainder when x is divided by 21.
17
Let g(h) = 10*h - 4*h**2 - 5 - 591*h**3 + 12 + 590*h**3. Calculate the remainder when 112 is divided by g(-6).
17
Suppose 0 = -233*g + 231*g. Suppose -2*v = g, q + 2*v - 218 = -q. Calculate the remainder when q is divided by 28.
25
Suppose 0 = 1660*f - 1638*f - 5962. What is the remainder when f is divided by 5?
1
Let a(g) = 4*g + 8. Let v = -99 - -104. Suppose v*s = -7 + 27, 0 = -2*o + 2*s + 22. Calculate the remainder when a(9) is divided by o.
14
Suppose -31*u + 24*u + 56 = 0. Calculate the remainder when 115 is divided by (-12985)/(-212) + 6/u.
53
Let c(d) = -1. Let r(t) = 7*t + 17. Let m(i) = 3*c(i) - r(i). Let n be m(-6). What is the remainder when 11 is divided by (n - 18) + (-2)/2?
2
Let b(s) = -5*s**2 - 8*s + 28. Let j be b(7). Let w = j + 339. Calculate the remainder when 261 is divided by w.
63
Let h(b) = 2507*b**3 + 4*b**2 - 2*b - 1. Let a be h(1). Suppose 1188 + a = 14*g. What is the remainder when g is divided by 38?
36
Suppose 829 = 4*g - 10*j + 15*j, 3 = 3*j. What is the remainder when g is divided by 71?
64
Let u(w) = w**2 - 54*w + 634. Calculate the remainder when 3248 is divided by u(38).
24
Suppose 0 = -2*u + 2, 58 = 2*j + u - 7. Suppose -3*f + 53 = -5*t - 71, 0 = -f + 3*t + 36. What is the remainder when f is divided by j?
16
Let l(o) = -2*o + 38. Let v be l(5). Suppose -37 = -v*g + 327. What is the remainder when g is divided by 10?
3
Suppose -5*s + 15 = 0, 0 = -2*u - s + 4*s - 1. Suppose o + o - u = -3*x, -5*o - 3 = x. Calculate the remainder when (9/6)/(9/258) - x is divided by 14.
13
Suppose 0 = 13*w + 10942 + 446. What is the remainder when 3/((234/w)/(-13)) is divided by 21?
20
Let y(z) = 0 + z - 8 - 3*z. Suppose -6*j = -0*j + 11*j - 323. What is the remainder when j is divided by y(-6)?
3
Let g(f) = -f**2 + 36. Let s be g(0). Suppose 8*w - 4*w = s. Suppose 0 = 4*k - 11*o + 8*o - 59, 5*k - 97 = -4*o. What is the remainder when k is divided by w?
8
What is the remainder when (-20)/(-90) - ((-9606)/27 + -7) is divided by 55?
33
Suppose -1242*g + 4708 = -1198*g. Calculate the remainder when g is divided by 91.
16
Let n = 23 + -16. Let y = 2 + n. Suppose y = 3*f - 3. What is the remainder when 11 is divided by f?
3
Let r be (3/6)/(2/4). Let h be r - 4 - (-5)/1. What is the remainder when 312/15 + h/10 is divided by 13?
8
Suppose 10 = 2*k + 8. What is the remainder when 1835 is divided by 3 + 40 + (k - 8)?
35
Let d = 12642 - 12319. Calculate the remainder when d is divided by 73.
31
Let s(a) = a**3 - 2*a + 43. Let i be s(0). Let p = i + 25. What is the remainder when p is divided by 14?
12
Suppose 3*f - 12 - 6 = 0. Let k(m) = -m**3 - 39*m**2 + 133*m + 6. Let w be k(3). Suppose f*n - w = 69. What is the remainder when 31 is divided by n?
15
Suppose -450 = 19*j - 24*j. What is the remainder when j is divided by (8/(-48) + 115/6)*1?
14
Suppose -210*a + 211*a = -27. What is the remainder when 85 is divided by (-2 + a/(-12))*(-1972)/(-17)?
27
Calculate the remainder when (40/180 + (-29)/9)/((-4)/652) is divided by 80.
9
Let g = 1883 + -1136. What is the remainder when g is divided by 13?
6
Let r = 238 + -77. Let l = r - 136. Calculate the remainder when l is divided by 13.
12
Suppose